)?
-6
Let a(i) = -i**3 + 6*i**2 - 8*i + 7. Determine a(5).
-8
Let h(c) = c**2 + 21*c - 7. Give h(-21).
-7
Let y(t) = -29*t + 191. Determine y(7).
-12
Let i(c) = -8*c - 1. Calculate i(-2).
15
Let q(b) = -b**2 + 25*b - 4. Give q(21).
80
Let s(y) = -17*y**2 - 16*y - 17. Calculate s(-1).
-18
Let b(l) = 6*l - 9. Determine b(9).
45
Let f(c) = -c**2 + 25*c - 50. What is f(23)?
-4
Let w(m) = 2*m**2 - 7*m + 3. What is w(7)?
52
Let f(o) = o**3 - 18*o**2 + 45*o - 2. What is f(15)?
-2
Let g(w) = -2*w**2 + 5*w + 1. Determine g(-4).
-51
Let d(i) = 2*i - 14. What is d(3)?
-8
Let f(k) = 29*k - 8. Give f(-2).
-66
Let f(m) = m**2 - m - 21. What is f(-5)?
9
Let d(y) = 3*y**3 + 3*y**2 + 6*y - 1. What is d(-2)?
-25
Let i(p) = -4*p**2 - 2*p + 12. Determine i(4).
-60
Let s(w) = -5*w**2 - 3*w - 2. Determine s(-1).
-4
Let o(s) = -2*s**2 + 38*s - 4. Calculate o(20).
-44
Let p(v) = 3*v + 15. Calculate p(0).
15
Let t(r) = -2*r**2 - 2*r. What is t(-3)?
-12
Let v(m) = 10*m**2 - m - 4. Determine v(3).
83
Let h(x) = -x**2 - 5*x - 6. What is h(-4)?
-2
Let w(t) = -t. Calculate w(-3).
3
Let h(p) = p**3 + 2*p**2 - 3*p - 40. Determine h(0).
-40
Let t(p) = p**2 + 13*p - 22. What is t(-15)?
8
Let g(o) = o**2 + 3*o - 5. Give g(-4).
-1
Let q(k) = -k**3 - 3*k**2 + 2*k - 1. Calculate q(-4).
7
Let t(x) = -6*x**3 - 29*x**2 + 2*x - 12. Calculate t(-5).
3
Let g(t) = -t**2 - 12*t + 10. What is g(-9)?
37
Let n(q) = -q**3 + 22*q**2 - 19*q - 41. Determine n(21).
1
Let x(a) = -a**3 + 6*a**2 + 11*a. What is x(8)?
-40
Let i(p) = p**3 - 7*p**2 - 6. Determine i(7).
-6
Let d(h) = 2*h**2 + 21*h + 22. Calculate d(-9).
-5
Let k(a) = -a**3 - 16*a**2 + 30*a + 486. Calculate k(-16).
6
Let p(t) = t**3 + 8*t**2 + 2*t + 25. Give p(-6).
85
Let m(c) = -c**3 - 15*c**2 + 16*c + 4. Calculate m(-16).
4
Let f(a) = -a**2 - 4. What is f(-3)?
-13
Let p(m) = -24*m**2. Calculate p(1).
-24
Let g(q) = q**3 + 7*q**2 + 7. Determine g(-7).
7
Let r(f) = 10*f**2 + 18*f - 2. Determine r(-3).
34
Let z(y) = 18*y + 32. Calculate z(6).
140
Let z(s) = -4*s - 10. Determine z(-9).
26
Let v(s) = s**3 - 7*s**2 + s + 2. What is v(6)?
-28
Let u(f) = 2*f**2 - 4*f - 3. Determine u(0).
-3
Let h(a) = -19*a + 202. Determine h(11).
-7
Let d(w) = -4*w - 15. Determine d(-4).
1
Let k(q) = -q**2 + 7*q - 7. Determine k(7).
-7
Let v(h) = 9*h + 239. Calculate v(-26).
5
Let u(b) = -8*b + 395. What is u(48)?
11
Let j(t) = -t - 3. Calculate j(-7).
4
Let x(r) = -r**3 - 11*r**2 - 17*r - 28. Determine x(-9).
-37
Let j(f) = 23*f + 46. What is j(-5)?
-69
Let n(i) = -i**3 + 8*i**2 - 15*i + 37. What is n(7)?
-19
Let l(v) = 2*v + 3. Determine l(-4).
-5
Let h(w) = -w**3 - 4*w**2 + 13*w + 24. Calculate h(-7).
80
Let i(z) = 2*z**2 - 4*z - 1. Calculate i(3).
5
Let x(g) = g**2 + 11*g - 13. Determine x(-12).
-1
Let r(c) = 9*c + 439. Give r(-49).
-2
Let o(q) = -q**2 + 36*q - 15. Determine o(35).
20
Let k(n) = n**3 + 6*n**2 - 7*n + 3. What is k(-7)?
3
Let h(r) = -3*r**2 + 4*r + 4. What is h(-3)?
-35
Let f(p) = p**3 - 6*p**2 + 5*p. Give f(4).
-12
Let t(o) = 5*o - 51. Calculate t(11).
4
Let t(o) = 4*o**2 + 8*o - 15. Calculate t(-4).
17
Let x(j) = j**3 + 2*j**2 + 2. Calculate x(-2).
2
Let j(v) = -v + 2. Give j(2).
0
Let r(m) = -m**3 - 3*m**2 + 4*m - 6. What is r(-4)?
-6
Let h(a) = -18*a - 280. Calculate h(-16).
8
Let c(v) = 58*v + 635. Give c(-11).
-3
Let w(v) = -5*v - 1. Give w(-2).
9
Let j(k) = 5*k**3 + 4*k**2 + 4*k + 3. Calculate j(-2).
-29
Let c(i) = -8*i + 9. Give c(0).
9
Let r(f) = -f**3 + 7*f**2 + 6*f + 120. Calculate r(9).
12
Let j(c) = 2*c + 13. Give j(-6).
1
Let a(k) = -k**3 - 18*k**2 - k + 2. Determine a(-18).
20
Let j(q) = 11*q - 30. Determine j(-6).
-96
Let x(c) = c + 2. Calculate x(-7).
-5
Let v(q) = -q**3 + 15*q**2 - 12*q - 17. Give v(14).
11
Let a(u) = u**2 + 14*u - 54. Give a(-17).
-3
Let d(m) = m**3 + 7*m**2 - m - 10. Calculate d(-7).
-3
Let y(q) = -q**3 + 10*q**2 - 4*q + 5. Determine y(10).
-35
Let q(h) = h + 50. What is q(6)?
56
Let c(i) = -33*i + 249. Determine c(7).
18
Let f(a) = -a**2 + 47*a - 240. Determine f(6).
6
Let b(v) = 9*v**2 + 6. Determine b(0).
6
Let p(f) = 28*f + 105. Give p(-4).
-7
Let j(d) = d**2 + 18*d + 73. What is j(-12)?
1
Let b(v) = -v**2 + 20*v - 50. Determine b(18).
-14
Let y(j) = -j**2 + 6*j - 11. Determine y(4).
-3
Let l(f) = 7*f**2 + 34*f - 6. Give l(-5).
-1
Let y(k) = -k**3 - 6*k**2 + 3*k - 3. What is y(-5)?
-43
Let m(s) = s**3 + 6*s**2 - s - 4. What is m(-6)?
2
Let o(g) = g**2 + 26*g + 96. Give o(-21).
-9
Let x(w) = -2*w**2 + 1. Give x(-2).
-7
Let b(r) = -4*r + 10. What is b(11)?
-34
Let o(z) = -z**3 - 9*z**2 - 9*z + 8. Give o(-8).
16
Let y(b) = -b**2 + 26*b - 109. Determine y(21).
-4
Let o(d) = d**3 + 11*d**2 + 15*d + 12. Calculate o(-10).
-38
Let s(p) = 26*p + 196. What is s(-8)?
-12
Let u(p) = 8*p - 12. Determine u(5).
28
Let s(q) = q**3 - 3*q**2 - 6*q + 22. What is s(3)?
4
Let m(z) = 2*z**3 - 6*z**2 - 10*z + 5. What is m(4)?
-3
Let w(t) = 14*t + 5. Calculate w(-3).
-37
Let p(d) = d**3 + 27*d**2 - 7*d - 191. Give p(-27).
-2
Let t(j) = -j**2 + 34*j - 282. Determine t(16).
6
Let o(a) = a**3 - 12*a**2 + 24*a - 35. What is o(10)?
5
Let q(r) = -r**3 + 8*r**2 - 9*r + 4. Give q(7).
-10
Let m(q) = -q**3 + 13*q**2 - 7*q - 154. Give m(11).
11
Let i(y) = y**3 + 31*y**2 + 33*y + 73. Give i(-30).
-17
Let o(m) = m**3 - 15*m**2 + 25*m + 16. Give o(13).
3
Let a(h) = h**3 + 18*h**2 - 22*h - 35. Determine a(-19).
22
Let o(q) = 4*q**2 - 23*q - 35. Calculate o(7).
0
Let d(m) = -4*m - 29. Give d(-12).
19
Let a(m) = 15*m - 112. Calculate a(7).
-7
Let b(i) = i**3 - 31*i**2 + 4*i - 112. What is b(31)?
12
Let n(j) = j**3 - 3*j**2 + 5*j + 1. Give n(4).
37
Let u(m) = -m**2 + 17*m - 16. Calculate u(19).
-54
Let k(o) = o**3 + 11*o**2 - 11*o - 21. Determine k(-12).
-33
Let a(f) = -2*f + 7. Give a(11).
-15
Let j(c) = c**2 - 6*c - 31. Determine j(0).
-31
Let t(l) = -2*l + 33. Determine t(-11).
55
Let g(j) = j**3 + 31*j**2 - 69*j - 101. Calculate g(-33).
-2
Let o(n) = n + 7. What is o(6)?
13
Let u(b) = 2*b**2 + b - 1. Determine u(2).
9
Let h(t) = -9*t - 2. Give h(-1).
7
Let f(s) = 2*s - 8. Determine f(3).
-2
Let y(t) = -t**3 + t**2 + 8. Give y(3).
-10
Let i(z) = -z**3 + 12*z**2 + 2*z + 9. Calculate i(12).
33
Let s(l) = -2*l**2 + 7*l + 20. Calculate s(5).
5
Let c(r) = 12*r - 25. Calculate c(3).
11
Let m(h) = -3*h**2 + 2*h + 4. What is m(-1)?
-1
Let x(s) = s**3 + 10*s**2 - 4*s - 35. Give x(-10).
5
Let h(i) = -4*i - 10. Determine h(-4).
6
Let p(w) = -w**2 + w + 19. Determine p(4).
7
Let c(x) = -x**3 - x**2 + 12. Calculate c(0).
12
Let d(a) = 7*a**2 - 7*a - 1. Calculate d(3).
41
Let l(t) = -6*t - 40. Give l(-12).
32
Let v(x) = 23*x + 663. What is v(-29)?
-4
Let z(q) = -q**2 - 7*q + 9. What is z(-9)?
-9
Let r(f) = f**2 + 9*f + 3. What is r(-5)?
-17
Let x(r) = -6*r - 26. Calculate x(-3).
-8
Let o(h) = h**2 + 15*h + 18. What is o(-14)?
4
Let j(i) = -i**2 - 2*i - 4. Determine j(-2).
-4
Let o(u) = 14*u + 12. Calculate o(4).
68
Let t(s) = 4*s**2 + s + 1. What is t(1)?
6
Let w(k) = k**2 - 9*k - 24. Give w(13).
28
Let p(c) = c**2 + 3*c - 22. Determine p(3).
-4
Let t(d) = -d**3 + 3*d**2 + 4*d - 8. What is t(3)?
4
Let w(n) = n**3 + 11*n**2 - 11*n + 8. What is w(-12)?
-4
Let s(o) = -o**3 + 6*o**2 + o - 8. Give s(6).
-2
Let a(b) = -11*b + 153. What is a(10)?
43
Let c(k) = -k - 9. Determine c(-17).
8
Let o(h) = h**3 + 9*h**2 + 4*h - 10. Determine o(-8).
22
Let k(s) = 5*s + 5. Calculate k(-3).
-10
Let m(w) = 66*w**3 + 4*w**2 - w - 1. Determine m(1).
68
Let g(v) = v**2 + 5*v + 1. Calculate g(-4).
-3
Let u(h) = 9*h**2 + 23*h - 25. Calculate u(1).
7
Let o(w) = -w**3 + 19*w**2 - 44*w + 472. Give o(18).
4
Let x(n) = -n**3 - n**2 + 2*n - 6. What is x(0)?
-6
Let s(w) = w**2 - 7*w - 10. Calculate s(11).
34
Let x(t) = t**3 + 9*t**2 - 32*t + 43. What is x(-12)?
-5
Let r(j) = -j**2 - 5*j + 63. Calculate r(0).
63
Let q(h) = -35*h**2 - 7*h + 2. Give q(-2).
-124
Let b(f) = f**2 + 4*f - 24. What is b(-8)?
8
Let m(d) = 3*d**2 - 6*d - 6. Give m(-2).
18
Let k(h) = h**3 - 6*h**2 + 4. What is k(5)?
-21
Let t(c) = -4*c + 20. What is t(4)?
4
Let f(l) = l**2 + 23*l + 77. Determine f(-18).
-13
Let m(i) = 15*i - 1. What is m(0)?
-1
Let z(w) = -2*w**2 - 30*w - 8. Determine z(-15).
-8
Let k(g) = -g**3 - 4*g**2 + g - 3. Calculate k(-5).
17
Let c(b) = 4*b**3 + 4*b**2 + 3*b + 2. Calculate c(-2).
-